**3 - 6*t**2 + 5*t + 3. Let u(f) = f + 2. Let y(c) = c**3 - 3*c**2 + 5*c - 3. Let i be y(3). Suppose -5*m + m = -i. Let p be u(m). What is x(p)?
3
Let s(u) = -5*u**2 + 4*u**2 - u + 5 - u. Calculate s(-5).
-10
Let h(v) be the first derivative of -4/3*v**3 + 4 - 3/2*v**2 - v - 1/4*v**4. Give h(-4).
11
Let r(y) = 11*y**3 - 2*y - 2*y - 4*y + 9*y. Give r(1).
12
Let y(g) = 4*g - 16. Let p be y(4). Let x(a) = a + 7. Give x(p).
7
Let z(u) = -u**3 - u**2 + 4*u + 4. Let y = 7 + -13. Let g be 2/(0 - y/(-9)). Calculate z(g).
10
Let l(r) = -21*r**3 - 3*r**2 - 5*r - 2. Let d(k) = -11*k**3 - 2*k**2 - 3*k - 1. Let s(v) = 5*d(v) - 3*l(v). Let y = 4 + -2. Suppose -j + y = j. Calculate s(j).
8
Let q = -3 + 4. Let m(s) = q - 1 - s + 0*s - 9. What is m(-5)?
-4
Let h(b) = 3*b - 10. Let t be h(4). Let i(m) = -2*m. What is i(t)?
-4
Let l(k) = -k**2 + 7*k. Let a = -112 - -117. Give l(a).
10
Suppose 3*w - 1 - 8 = 0. Suppose -2*j + j = 5*m + 21, 3*m = w*j - 9. Let s(t) = t**2 + 2*t. Determine s(m).
8
Let s be 37 - 2/(6 - 4). Let z be (-1)/(-4) - s/16. Let n(c) = -c**2 - 3*c - 1. Give n(z).
1
Suppose f = -s + 2, -5*f - 3*s + 8 = -3*f. Suppose -6*l = -4*l - 12. Let a(x) = -2*x**2 - x**3 + 2*x**2 - 4*x + l*x. Determine a(f).
4
Let a(y) = -41*y + 4. Let r(i) = 10*i - 1. Let j(s) = 2*a(s) + 9*r(s). What is j(1)?
7
Let s = -42 + 39. Let p(i) = -2*i**2 - 3*i + 3. Give p(s).
-6
Let r(w) = 4*w + 2. Suppose 0 = 5*b + 3*c + 15 - 3, 8 = -5*b - 2*c. Let p = b - 2. Give r(p).
-6
Suppose -5*k = -12 - 8. Suppose -x = k*x - 5. Let h(g) = 3 + x + 1 + g. Give h(-3).
2
Let s(v) = -3*v + 3. Suppose 2*a = 9 + 1. Let d(f) = 3*f - 4. Let u(k) = a*s(k) + 4*d(k). Calculate u(3).
-10
Let u(c) = c + 1. Let w be u(3). Let f = -28 - -44. Suppose -3*o + 2*q = -3, f - 4 = -w*q. Let g(z) = -2*z**2 + 1. What is g(o)?
-1
Let u be 88/(-6) - (-2)/(-6). Let h = 11 + u. Let c be 36/10 - h/10. Let t(f) = -f**2 + 5*f + 2. Give t(c).
6
Let s(i) = 4*i**3 + 10*i**2 - 4*i - 4. Let k(v) = 3*v**3 + 9*v**2 - 4*v - 4. Let l(t) = -5*k(t) + 4*s(t). Give l(4).
4
Let n(v) = 6*v + 4*v**2 - 4*v**2 - 4*v + v**2. Determine n(-4).
8
Let b(a) be the third derivative of -a**6/120 - a**5/60 + a**4/24 - a**3 - 2*a**2. Let x = -13 + 13. Determine b(x).
-6
Suppose 3*y + 19 = 5*t, -4*t = 5*y - 14 - 16. Let r be (24/30)/(y/(-10)). Let p(v) = 2*v + 6. Give p(r).
-2
Let x(s) = -s**2 + 10*s - 17. Let w be x(7). Let i(j) = -j. Calculate i(w).
-4
Suppose -5*u - 8 = -3. Let r be (u + 0)/(-1 + 2). Let l(f) = 4*f**3 + f. What is l(r)?
-5
Let w(z) = z**3 + 5*z**2 + 3*z + 3. Let v(h) be the third derivative of 0*h**5 + 0*h**3 + 0*h - 2*h**2 + 0 + 0*h**4 - 1/30*h**6. Let j be v(1). Give w(j).
7
Let l be 2 - 2 - 1*2. Let i(j) = -31*j + 26. Let b(m) = 11*m - 9. Let n(r) = 17*b(r) + 6*i(r). Determine n(l).
1
Let r = 4 + -6. Let w(m) = m**3 - 2*m**2 + m. Let j(v) = -v**3 + v**2 - v. Let b(t) = r*w(t) - 3*j(t). Let f(a) = -2*a + 3. Let u be f(2). Determine b(u).
-1
Suppose -2*u - 2*u = -12. Suppose -4*t - 2 = -u*t. Let j(a) be the third derivative of -a**6/120 - a**5/20 + a**3/6 - a**2. Give j(t).
-3
Let j(p) = -p**3 - 4*p**2 + 2*p + 2. Let z be (0 + 3)/(-6)*-6. Suppose 0 = 3*u - z*o - o + 2, -4*o = -u - 14. Let i = u + -10. Determine j(i).
-6
Let h be 11/2 + 2/4. Let u(m) = -7*m**2 + 0*m**2 + 8*m - 4 - 5*m**2 + 11*m**2. Give u(h).
8
Let a(r) = 8*r**3 + 1. Let g(s) = -s**2 + 9*s - 19. Let c be g(6). What is a(c)?
-7
Let j(o) = o. Suppose 0 = -5*r - 25, 4*q + 3 - 4 = -3*r. Let n be ((-2)/4)/(3/12). Let p be n/6*(-12)/q. Calculate j(p).
1
Let v(j) = -j**3 + 9*j**2 - 18*j - 3. Let c be v(6). Let q(z) = -z**2 - 3*z + 4. Determine q(c).
4
Let b(t) = 5*t - 4. Let c be (3 - 0/(-4))*(-3 + 4). Calculate b(c).
11
Let x(c) = -1 + c - 2*c + 0*c. Let a be 2 + (-1)/((-4)/(-16)). What is x(a)?
1
Let y(q) = q + 4. Let m be y(-10). Let c(b) = -2*b - 8. Give c(m).
4
Let d(u) = -u**3 + 3*u**2 + u. Let o = -19 - -9. Suppose -3 - 1 = 2*b. Let j be ((-12)/o)/(b/(-5)). Determine d(j).
3
Let x(h) be the second derivative of h**4/12 - 3*h**2/2 + h. Suppose -4*m = 4*q, 4*q + q - 2*m - 21 = 0. What is x(q)?
6
Suppose a = o + 2*o - 13, -5*o + 3*a = -23. Let f(s) = -s - 4 - s**3 + 6 + 2*s + 4*s**2. Calculate f(o).
6
Let l(w) = -4*w - 6. Let j(o) = 4*o + 6. Let u(n) = -6*j(n) - 5*l(n). What is u(-5)?
14
Let x(u) = -6 + 11*u**2 + 2*u - 13*u - 12*u**2. Let t be x(-10). Let d(n) = n**2. Let k(c) = -c**3 + 5*c**2 + 4*c + 4. Let w(f) = 2*d(f) - k(f). Determine w(t).
-4
Let n(q) be the second derivative of q**5/40 - q**4/4 - 7*q**3/6 - 5*q. Let d(t) be the second derivative of n(t). Calculate d(5).
9
Let g(a) = 5*a**3 - 5*a**2 + 7. Let v(p) = -14*p**3 + 14*p**2 - 20. Let u(w) = 17*g(w) + 6*v(w). Suppose 5*z = 5 + 5. Determine u(z).
3
Let l(f) = f**3 + f - 1. Let m(i) = 3*i**3 + i**2 + 6*i - 4. Let h(u) = -4*l(u) + m(u). Let j be 2/8 - 11/(-4). Determine h(j).
-12
Let v(s) = 8*s**3 + 2*s**2 - 1. Suppose 0 = -c + 5*c. Suppose 3*h - 2*x = 9, 5*h - 3*x - 14 = -c*x. Determine v(h).
9
Let w(m) = m**2 - 3*m - 3. Let a(r) = -4*r. Let b(k) = -5*k. Let u(p) = 4*a(p) - 3*b(p). Let l be u(-5). Calculate w(l).
7
Let n = 6 + -5. Suppose 0 = k + n + 4. Let a(q) = -q**3 - 5*q**2 + 4. Determine a(k).
4
Let c(k) be the first derivative of -k**4/4 + 4*k**3/3 - 5*k**2/2 + 3*k - 13. Give c(3).
-3
Let f(k) = -k**3 - k**2 + k - 4. Let w be f(0). Let g(z) = -z**3 - 3*z**2 + 4*z + 4. Give g(w).
4
Let d(n) = 4*n - 3. Let j(v) = -v - 1. Let h(z) = -d(z) - 3*j(z). Determine h(3).
3
Let l(k) = -k**3 - 4*k**2 - 2*k + 2. Suppose 0 = -3*o - 2*o - 20. Let b = 0 - o. Suppose 0 = -3*x - 5 - b. Calculate l(x).
-1
Let v(d) be the second derivative of -d**4/3 - d**3/3 - d**2/2 - 19*d. Give v(-1).
-3
Let t(h) = -h**2 + 13*h - 17. Let z(u) = u**2 - 11*u + 14. Let y(v) = -3*t(v) - 4*z(v). Suppose -2*b - 2*b + 20 = 0. Determine y(b).
-5
Let v(x) = 3*x + 1. Let i = 41 - -43. Let q be i/22 - (-2)/11. Calculate v(q).
13
Let g(z) = -4*z + 4. Suppose 15 = 44*w - 39*w. What is g(w)?
-8
Let t(w) = -w - 11. Let n(b) = b**3 + b**2 - b - 10. Let x be n(0). Determine t(x).
-1
Suppose -7*p + 9 = -4*p. Let b(r) = 2*r + r**p + 0 - 2 - r - 2*r. Determine b(-2).
-8
Suppose -12 = -2*a + 4*i, 3*a + 8 = i + 21. Let p = 8 - 8. Let s(v) = 2 + 0 - 2*v + p*v. Determine s(a).
-6
Suppose -2*s + 15 = 5*i + s, -12 = -4*i - 4*s. Let r(f) = -2*f**3 - f + 1. Let t(l) = -11*l**3 - 5*l**2 - 4*l + 6. Let g(j) = 6*r(j) - t(j). Give g(i).
12
Let z(j) be the first derivative of -j**5/20 + 5*j**4/12 - j**3/6 + j**2/2 - 5*j - 4. Let n(x) be the first derivative of z(x). Give n(5).
-4
Suppose 5*d - 1 = 4. Let o be d/(((-21)/6)/(-7)). Let m(j) = 12 - 17 - 3*j + o*j. What is m(-3)?
-2
Let o be 20/4 + -2 + 0. Let j(h) = -6*h**3 + 6*h**2 + 4*h - 5. Let d(c) = -5*c**3 + 5*c**2 + 4*c - 4. Let f(i) = 5*d(i) - 4*j(i). What is f(o)?
-6
Let t(s) be the third derivative of -s**4/6 + 13*s**3/3 + 5*s**2. Let m(y) = -y + 5. Let q(o) = 16*m(o) - 3*t(o). Give q(2).
-6
Let v(o) be the first derivative of o**4/4 + 4*o**3/3 - 2*o - 11. Calculate v(-2).
6
Let o(l) = l + 5. Let r(b) = -10*b**3 + b. Let q be r(-1). Let z be (-3)/q - 5/3. Let w be 5/(5/z) - -2. What is o(w)?
5
Let w(m) be the first derivative of m**2 + 7*m + 3. Let p be w(-6). Let n(x) = x - 2. What is n(p)?
-7
Let f(v) = -266*v - 10*v**2 - 1 + 266*v. Determine f(1).
-11
Let o = -6 + 9. Suppose 4*a + o*z - 8 = 0, -4*z = -5*a - 3*z - 9. Let b(q) = 1 + q**3 + 2*q**2 - 6*q**3 + 2*q + 4*q**3. Give b(a).
2
Let f(p) = p + 1. Let v(y) = -6*y - 4. Let w(i) = 11*f(i) + 2*v(i). Let k(g) = g - 3. Let u(m) = 2*k(m) + 3*w(m). What is u(4)?
-1
Suppose -3*u = -0*u - 6. Let f(w) = 5*w + 0*w**u - 1 - 4*w + w**2 + 5*w**2. Give f(1).
6
Let a(r) = r**2 + 2*r + 1. Suppose -b = -0*b - 9. Let c(t) = -t**3 + 9*t**2 + t - 10. Let x be c(b). Give a(x).
0
Suppose 4 = g - 2. Let s(y) = 2*y - 8. Give s(g).
4
Let z(q) be the second derivative of q + 1/2*q**2 + 7/6*q**3 - 1/12*q**4 + 0. What is z(5)?
11
Let j(g) be the third derivative of -g**4/24 - g**3/3 - g**2. Suppose 44 = 11*b - 22*b. Give j(b).
2
Let u(n) = -n**3 - 2*n**2 + 2*n + 1. Let s be u(-2). Let a(f) = f**3 + 3*f**2 - 4*f - 4. Let y be a(s). Let l(q) = -y*q + 8*q - q**2 + 3. Give l(0).
3
Let b(j) be the second derivative of j**7/2520 - j**6/120 + j**5/120 + j**4/4 + j. Let i(p) be th